{"id":50,"date":"2019-06-14T10:37:22","date_gmt":"2019-06-14T08:37:22","guid":{"rendered":"http:\/\/philippe-dhondt.be\/?page_id=50"},"modified":"2019-08-21T11:45:31","modified_gmt":"2019-08-21T09:45:31","slug":"quotes","status":"publish","type":"page","link":"https:\/\/philippe-dhondt.be\/index.php\/quotes\/","title":{"rendered":"Quotes"},"content":{"rendered":"\n<p>&#8220;On ne devient v\u00e9ritablement sportif que le jour o\u00f9 on se rend compte que la douleur de l&#8217;\u00e9chec est sup\u00e9rieure \u00e0 la douleur de l&#8217;effort&#8221;.<\/p>\n\n\n\n<p>\n\nLa chasse photographique est un sport frustrant. C&#8217;est parfois des heures et des heures de balade ou d&#8217;aff\u00fbt sans le moindre r\u00e9sultat. Et puis un jour, l&#8217;instant magique, un \u00e9change fugace &#8220;entre 4 yeux&#8221;, et un clich\u00e9. Et on oublie la frustration, on ne garde que la magie. Une certaine forme de bonheur &#8230;..&nbsp;\n\n<\/p>\n\n\n\n<p>Faire les choses s\u00e9rieusement, sans se prendre au s\u00e9rieux.<\/p>\n\n\n\n<p>Si l&#8217;\u00e9quipe fonctionne, alors le projet a une chance de r\u00e9ussir. Mais si l&#8217;\u00e9quipe ne fonctionne pas, alors le projet n&#8217;a aucune chance de r\u00e9ussir.<\/p>\n\n\n\n<p>&#8220;N&#8217;interrompez jamais un ennemi qui est en train de faire une erreur&#8221;.  Napol\u00e9on Bonaparte<\/p>\n\n\n\n<p>L\u2019insens\u00e9 reconnaissant sa folie est, en v\u00e9rit\u00e9, sage. Mais l\u2019insens\u00e9 qui se croit sage est vraiment fou<\/p>\n\n\n\n<p><\/p>\n","protected":false},"excerpt":{"rendered":"<p>&#8220;On ne devient v\u00e9ritablement sportif que le jour o\u00f9 on se rend compte que la douleur de l&#8217;\u00e9chec est sup\u00e9rieure \u00e0 la douleur de l&#8217;effort&#8221;. La chasse photographique est un sport frustrant. C&#8217;est parfois des heures et des heures de balade ou d&#8217;aff\u00fbt sans le moindre r\u00e9sultat. Et puis un jour, l&#8217;instant magique, un \u00e9change &hellip; <\/p>\n<p class=\"link-more\"><a href=\"https:\/\/philippe-dhondt.be\/index.php\/quotes\/\" class=\"more-link\">Continue reading<span class=\"screen-reader-text\"> &#8220;Quotes&#8221;<\/span><\/a><\/p>\n","protected":false},"author":1,"featured_media":0,"parent":0,"menu_order":0,"comment_status":"closed","ping_status":"closed","template":"","meta":{"footnotes":""},"class_list":["post-50","page","type-page","status-publish","hentry"],"yoast_head":"<!-- This site is optimized with the Yoast SEO plugin v15.4 - https:\/\/yoast.com\/wordpress\/plugins\/seo\/ -->\n<title>Quotes - Philippe Dhondt<\/title>\n<meta name=\"robots\" content=\"index, follow, max-snippet:-1, max-image-preview:large, max-video-preview:-1\" \/>\n<link rel=\"canonical\" href=\"https:\/\/philippe-dhondt.be\/index.php\/quotes\/\" \/>\n<meta property=\"og:locale\" content=\"en_US\" \/>\n<meta property=\"og:type\" content=\"article\" \/>\n<meta property=\"og:title\" content=\"Quotes - Philippe Dhondt\" \/>\n<meta property=\"og:description\" content=\"&#8220;On ne devient v\u00e9ritablement sportif que le jour o\u00f9 on se rend compte que la douleur de l&#8217;\u00e9chec est sup\u00e9rieure \u00e0 la douleur de l&#8217;effort&#8221;. La chasse photographique est un sport frustrant. C&#8217;est parfois des heures et des heures de balade ou d&#8217;aff\u00fbt sans le moindre r\u00e9sultat. Et puis un jour, l&#8217;instant magique, un \u00e9change &hellip; Continue reading &quot;Quotes&quot;\" \/>\n<meta property=\"og:url\" content=\"https:\/\/philippe-dhondt.be\/index.php\/quotes\/\" \/>\n<meta property=\"og:site_name\" content=\"Philippe Dhondt\" \/>\n<meta property=\"article:modified_time\" content=\"2019-08-21T09:45:31+00:00\" \/>\n<meta name=\"twitter:card\" content=\"summary_large_image\" \/>\n<meta name=\"twitter:label1\" content=\"Written by\">\n\t<meta name=\"twitter:data1\" content=\"Duron\">\n\t<meta name=\"twitter:label2\" content=\"Est. reading time\">\n\t<meta name=\"twitter:data2\" content=\"1 minute\">\n<script type=\"application\/ld+json\" class=\"yoast-schema-graph\">{\"@context\":\"https:\/\/schema.org\",\"@graph\":[{\"@type\":\"WebSite\",\"@id\":\"https:\/\/philippe-dhondt.be\/#website\",\"url\":\"https:\/\/philippe-dhondt.be\/\",\"name\":\"Philippe Dhondt\",\"description\":\"Never give up, never never never give up !\",\"potentialAction\":[{\"@type\":\"SearchAction\",\"target\":\"https:\/\/philippe-dhondt.be\/?s={search_term_string}\",\"query-input\":\"required name=search_term_string\"}],\"inLanguage\":\"en-US\"},{\"@type\":\"WebPage\",\"@id\":\"https:\/\/philippe-dhondt.be\/index.php\/quotes\/#webpage\",\"url\":\"https:\/\/philippe-dhondt.be\/index.php\/quotes\/\",\"name\":\"Quotes - Philippe Dhondt\",\"isPartOf\":{\"@id\":\"https:\/\/philippe-dhondt.be\/#website\"},\"datePublished\":\"2019-06-14T08:37:22+00:00\",\"dateModified\":\"2019-08-21T09:45:31+00:00\",\"inLanguage\":\"en-US\",\"potentialAction\":[{\"@type\":\"ReadAction\",\"target\":[\"https:\/\/philippe-dhondt.be\/index.php\/quotes\/\"]}]}]}<\/script>\n<!-- \/ Yoast SEO plugin. -->","_links":{"self":[{"href":"https:\/\/philippe-dhondt.be\/index.php\/wp-json\/wp\/v2\/pages\/50"}],"collection":[{"href":"https:\/\/philippe-dhondt.be\/index.php\/wp-json\/wp\/v2\/pages"}],"about":[{"href":"https:\/\/philippe-dhondt.be\/index.php\/wp-json\/wp\/v2\/types\/page"}],"author":[{"embeddable":true,"href":"https:\/\/philippe-dhondt.be\/index.php\/wp-json\/wp\/v2\/users\/1"}],"replies":[{"embeddable":true,"href":"https:\/\/philippe-dhondt.be\/index.php\/wp-json\/wp\/v2\/comments?post=50"}],"version-history":[{"count":8,"href":"https:\/\/philippe-dhondt.be\/index.php\/wp-json\/wp\/v2\/pages\/50\/revisions"}],"predecessor-version":[{"id":103,"href":"https:\/\/philippe-dhondt.be\/index.php\/wp-json\/wp\/v2\/pages\/50\/revisions\/103"}],"wp:attachment":[{"href":"https:\/\/philippe-dhondt.be\/index.php\/wp-json\/wp\/v2\/media?parent=50"}],"curies":[{"name":"wp","href":"https:\/\/api.w.org\/{rel}","templated":true}]}}